{"id":8,"date":"2017-03-22T20:17:44","date_gmt":"2017-03-22T19:17:44","guid":{"rendered":"http:\/\/pertex.be\/?page_id=8"},"modified":"2018-01-18T13:52:09","modified_gmt":"2018-01-18T12:52:09","slug":"a-propos-de","status":"publish","type":"page","link":"https:\/\/pertex.be\/?page_id=8","title":{"rendered":"\u00c0 propos de nos activit\u00e9s"},"content":{"rendered":"<p>Nous faisons preuve d&rsquo;une grande disponibilit\u00e9 et d&rsquo;une grande qualit\u00e9 d&rsquo;\u00e9coute.<\/p>\n<p>Vous pouvez faire appel \u00e0 nos services que ce soit pour des missions d&rsquo;expertise, des missions d&rsquo;\u00e9valuation des risques professionnels, l&rsquo;organisation de s\u00e9ances de sensibilisation \u00e0 la pr\u00e9vention des accidents du travail ou la r\u00e9alisation de supports multim\u00e9dia dans le cadre de la promotion de la pr\u00e9vention.<\/p>\n<p>N&rsquo;h\u00e9sitez donc pas \u00e0 nous\u00a0contacter \u00e0 votre meilleure convenance.<\/p>\n","protected":false},"excerpt":{"rendered":"<p>Nous faisons preuve d&rsquo;une grande disponibilit\u00e9 et d&rsquo;une grande qualit\u00e9 d&rsquo;\u00e9coute. Vous pouvez faire appel \u00e0 nos services que ce soit pour des missions d&rsquo;expertise, des missions d&rsquo;\u00e9valuation des risques professionnels, l&rsquo;organisation de s\u00e9ances de sensibilisation \u00e0 la pr\u00e9vention des accidents du travail ou la r\u00e9alisation de supports multim\u00e9dia dans le cadre de la promotion &hellip; <\/p>\n<p class=\"link-more\"><a href=\"https:\/\/pertex.be\/?page_id=8\" class=\"more-link\">Continuer la lecture<span class=\"screen-reader-text\"> de &laquo;&nbsp;\u00c0 propos de nos activit\u00e9s&nbsp;&raquo;<\/span><\/a><\/p>\n","protected":false},"author":1,"featured_media":91,"parent":0,"menu_order":0,"comment_status":"closed","ping_status":"closed","template":"","meta":[],"_links":{"self":[{"href":"https:\/\/pertex.be\/index.php?rest_route=\/wp\/v2\/pages\/8"}],"collection":[{"href":"https:\/\/pertex.be\/index.php?rest_route=\/wp\/v2\/pages"}],"about":[{"href":"https:\/\/pertex.be\/index.php?rest_route=\/wp\/v2\/types\/page"}],"author":[{"embeddable":true,"href":"https:\/\/pertex.be\/index.php?rest_route=\/wp\/v2\/users\/1"}],"replies":[{"embeddable":true,"href":"https:\/\/pertex.be\/index.php?rest_route=%2Fwp%2Fv2%2Fcomments&post=8"}],"version-history":[{"count":5,"href":"https:\/\/pertex.be\/index.php?rest_route=\/wp\/v2\/pages\/8\/revisions"}],"predecessor-version":[{"id":96,"href":"https:\/\/pertex.be\/index.php?rest_route=\/wp\/v2\/pages\/8\/revisions\/96"}],"wp:featuredmedia":[{"embeddable":true,"href":"https:\/\/pertex.be\/index.php?rest_route=\/wp\/v2\/media\/91"}],"wp:attachment":[{"href":"https:\/\/pertex.be\/index.php?rest_route=%2Fwp%2Fv2%2Fmedia&parent=8"}],"curies":[{"name":"wp","href":"https:\/\/api.w.org\/{rel}","templated":true}]}}